20).
-5
Let i(h) = h**3 + 23*h**2 + 40*h - 34. Give i(-21).
8
Let s(r) = r**3 + 7*r**2 - 3*r + 4. What is s(-7)?
25
Let j(h) = h**3 + 16*h**2 + 6. What is j(-16)?
6
Let o(v) = -4*v + 21. Calculate o(4).
5
Let x(c) = -c**3 - 6*c**2 + 6*c + 4. Give x(-7).
11
Let o(q) = -q**2 - 10*q + 37. Give o(3).
-2
Let i(n) = -n**2 - 15*n - 11. Calculate i(-11).
33
Let y(u) = 3*u - 133. Determine y(35).
-28
Let g(y) = 11*y - 8. Give g(6).
58
Let h(n) = -n**3 + 2*n**2 + 2*n - 3. Determine h(-3).
36
Let y(b) = b**3 + 5*b**2 + 31. Calculate y(0).
31
Let f(a) = 25*a + 28. What is f(-1)?
3
Let r(b) = b**3 - b**2 - 5*b. Give r(3).
3
Let p(u) = -3*u**2 - 20*u + 3. Calculate p(-6).
15
Let m(h) = h**2 + 7*h. Calculate m(-7).
0
Let g(u) = -6*u**2 + 70*u + 20. Determine g(12).
-4
Let m(w) = -w**3 + 7*w**2 - 44*w + 233. Calculate m(6).
5
Let a(u) = 3*u**2 + 11*u - 4. Calculate a(-6).
38
Let r(g) = -g**3 - 2*g**2 + 3*g + 3. Give r(2).
-7
Let b(k) = -2*k**2 + 34*k - 5. What is b(16)?
27
Let d(t) = -t - 4. Give d(-2).
-2
Let o(t) = 6*t**2 + 9*t - 3. Determine o(-4).
57
Let g(t) = t**3 - 6*t**2 + 5*t - 14. Determine g(3).
-26
Let h(d) = -4*d**3 - d**2 + 5*d + 4. Calculate h(-2).
22
Let l(a) = a**3 + 7*a**2 + 35*a + 88. Give l(-4).
-4
Let v(t) = 9*t**3 + 3*t**2 + t - 2. What is v(-2)?
-64
Let x(v) = -4*v**3 - 2*v**2 - v - 1. Give x(-2).
25
Let a(q) = -q**2 - 7*q - 11. Calculate a(-4).
1
Let h(u) = 5*u**3 - 30*u**2 + 2*u - 8. What is h(6)?
4
Let b(s) = -s**3 - 9*s**2 - 5*s + 17. What is b(-8)?
-7
Let t(h) = 5*h - 7. Give t(3).
8
Let o(i) = -8*i + 109. What is o(14)?
-3
Let t(y) = y**2 - 12*y + 1. Calculate t(7).
-34
Let a(h) = -h**3 + 5*h**2 + 1. Give a(5).
1
Let m(j) = j**3 - 10*j**2 - j + 9. What is m(10)?
-1
Let h(r) = 3*r + 3. Determine h(0).
3
Let g(d) = -2*d - 3. What is g(0)?
-3
Let n(f) = -f - 15. Calculate n(-16).
1
Let s(m) = 8*m - 188. Give s(23).
-4
Let p(j) = 8*j + 1. Determine p(-7).
-55
Let i(h) = h**3 - 7*h**2 + 4*h - 7. Determine i(7).
21
Let k(p) = -50*p**3 - p**2 - 2*p - 1. Calculate k(-1).
50
Let h(c) = -c**2 - 12*c - 10. Give h(-6).
26
Let o(l) = l**3 - 14*l**2 - 16*l - 8. Give o(15).
-23
Let t(j) = j + 16. Give t(-13).
3
Let u(v) = -v**2 + 6*v + 13. Give u(7).
6
Let s(t) = -3*t + 16. What is s(14)?
-26
Let j(r) = 11*r - 2. Give j(1).
9
Let v(i) = -i**3 + 10*i**2 - 17*i + 6. Give v(7).
34
Let k(r) = -3*r - 6. Give k(11).
-39
Let l(m) = -m**3 + 3*m**2 + 13*m - 29. Calculate l(4).
7
Let y(s) = s**3 - 7*s**2 - 6. What is y(7)?
-6
Let t(p) = -3*p + 14. What is t(7)?
-7
Let h(d) = -d**2 + 24*d + 110. What is h(-4)?
-2
Let k(q) = -2*q**3 - 2*q**2 + 1. What is k(1)?
-3
Let o(g) = -g**3 - 6*g**2 + 3*g + 4. Calculate o(-7).
32
Let k(s) = s**2 - 14*s - 5. Determine k(-6).
115
Let y(a) = a + 28. Determine y(-7).
21
Let q(a) = 12*a**2 - 182*a + 27. Determine q(15).
-3
Let s(y) = -4*y + 11. What is s(6)?
-13
Let q(f) = f**3 - 26*f**2 - 2*f + 58. Calculate q(26).
6
Let g(v) = 119*v + 370. Calculate g(-3).
13
Let m(n) = -n**3 - n**2 + n - 4. Calculate m(0).
-4
Let n(g) = g**3 - 35*g**2 - 33*g - 71. What is n(36)?
37
Let n(r) = -r**3 + 21*r**2 - 19*r - 28. Calculate n(20).
-8
Let c(s) = -s**2 + s - 37. Calculate c(0).
-37
Let x(n) = n**3 + 6*n**2 + 3*n + 9. Determine x(-5).
19
Let k(t) = -3*t**2 - 3*t + 1. Determine k(-8).
-167
Let j(p) = 23*p + 22. Give j(-8).
-162
Let f(s) = -s**3 + 6*s**2 - 2*s - 2. Give f(4).
22
Let w(b) = -b**3 + 2*b**2 + b + 3. Calculate w(3).
-3
Let x(h) = h - 10. What is x(6)?
-4
Let r(w) = w**2 - 41*w - 297. Determine r(47).
-15
Let o(i) = i + 1. Calculate o(3).
4
Let f(r) = 2*r**2 - 5*r - 13. Calculate f(-3).
20
Let n(z) = -2*z**3 + 39*z**2 - 19*z - 18. Determine n(19).
-18
Let t(u) = u**3 - 7*u**2 + 14*u + 1. Calculate t(4).
9
Let d(v) = -2*v + 20. What is d(9)?
2
Let o(b) = 7*b - 5. What is o(6)?
37
Let k(d) = -13*d + 65. Determine k(5).
0
Let n(q) = -q**3 - 6*q**2 + 3*q + 4. Determine n(-5).
-36
Let b(i) = i - 30. Determine b(19).
-11
Let k(j) = -4*j**2 - 7*j. Give k(-4).
-36
Let l(i) = -i**2 + 10*i - 27. Give l(4).
-3
Let n(s) = 2*s**2 - 5*s - 7. Give n(6).
35
Let l(j) = -106*j**3 - j**2 + 3*j - 2. Give l(1).
-106
Let k(v) = v**3 + 17*v**2 + 4*v - 22. Determine k(-17).
-90
Let h(p) = -24*p**2 + 1. Give h(-1).
-23
Let c(j) = 5*j - 26. What is c(0)?
-26
Let t(o) = -o**2 + 2*o + 3. Determine t(-4).
-21
Let k(o) = -o**3 + 6*o**2 - 15*o + 7. Give k(6).
-83
Let x(c) = 10*c + 9. What is x(-8)?
-71
Let c(m) = -43*m**2 + 2*m + 3. Calculate c(-1).
-42
Let w(f) = f. Calculate w(10).
10
Let h(v) = 5*v - 57. Determine h(8).
-17
Let q(a) = a - 17. Give q(0).
-17
Let d(s) = -s**2 - 14*s + 32. Give d(-15).
17
Let u(g) = -g**3 - 8*g**2 + g - 3. Determine u(-8).
-11
Let b(x) = -x**2 + 2*x + 153. Give b(14).
-15
Let c(t) = -5*t + 3. Calculate c(3).
-12
Let f(h) = -h**3 + 30*h**2 - 121*h - 5. What is f(5)?
15
Let r(h) = -h**2 + 2*h + 1. Give r(3).
-2
Let f(y) = -24*y - 164. Determine f(-5).
-44
Let z(d) = d**3 - 13*d**2 + 20*d + 17. What is z(11)?
-5
Let l(n) = -n**3 + 9*n**2 + 9*n - 1. Calculate l(10).
-11
Let i(w) = w**3 - 5*w**2 - 9*w + 1. Calculate i(6).
-17
Let f(m) = 2*m**2 - 9*m + 6. Calculate f(6).
24
Let p(g) = 24*g**2 - g + 2. What is p(-2)?
100
Let c(y) = 22*y + 14. Calculate c(-3).
-52
Let t(f) = 2*f**3 - 5*f**2 - 12*f + 7. Give t(5).
72
Let j(m) = 11*m**2 + 8*m + 8. Determine j(-4).
152
Let w(q) = 7*q. What is w(5)?
35
Let y(i) = -i**3 - 6*i**2 + 5*i - 10. Determine y(-7).
4
Let a(j) = -j**3 - j**2 + j - 5. Calculate a(-3).
10
Let l(v) = v**2 - 7*v + 31. What is l(4)?
19
Let p(q) = -3*q**3 - 3*q**2 - 8*q. Determine p(-2).
28
Let i(l) = -21*l + 1. Give i(1).
-20
Let a(k) = 3*k**2 - 40*k - 3. What is a(13)?
-16
Let p(i) = -30*i**2 - 3*i + 2. Determine p(1).
-31
Let u(j) = -5*j**2 - 10*j - 20. Give u(-3).
-35
Let f(j) = -26*j**3 - j**2 - j. Give f(-1).
26
Let l(x) = -x**2 - 7*x - 2. Calculate l(-7).
-2
Let d(t) = t**2 - 10*t + 10. Determine d(8).
-6
Let y(f) = -f**3 + 8*f**2 + 7*f + 6. Calculate y(9).
-12
Let x(s) = -2*s + 5. Determine x(2).
1
Let c(y) = -y**2 - 5*y - 3. Calculate c(-6).
-9
Let o(b) = -b**2 + 9*b - 15. Give o(11).
-37
Let n(f) = -f**2 - 36*f - 65. Calculate n(-34).
3
Let b(x) = -2*x**2 - 8*x - 2. What is b(-6)?
-26
Let h(c) = c**3 + 8*c**2 + 10*c - 10. Give h(-6).
2
Let y(x) = -x**3 - 21*x**2 + 70*x - 42. What is y(-24)?
6
Let k(l) = l**3 - 33*l**2 - 4*l + 122. What is k(33)?
-10
Let n(i) = -2*i**2 + 31*i - 102. Determine n(6).
12
Let j(h) = h**2 - 20*h + 37. Give j(13).
-54
Let x(i) = i**3 - 33*i**2 - 69*i - 28. Determine x(35).
7
Let c(b) = -b**3 - 6*b**2 + 8*b + 9. What is c(-7)?
2
Let s(v) = -v**2 - 25*v + 17. What is s(-25)?
17
Let h(m) = -3*m**3 + 8*m**2 - 6*m + 4. Calculate h(2).
0
Let o(q) = -q**3 - 6*q**2 - 4*q + 3. Calculate o(-5).
-2
Let f(w) = 2*w**3 + 15*w**2 - 5*w + 28. Give f(-8).
4
Let y(m) = m - 10. Calculate y(0).
-10
Let t(j) = -j + 1. Give t(1).
0
Let w(h) = -h + 2. Give w(-5).
7
Let h(l) = -2*l**2 - 8*l - 13. Give h(-4).
-13
Let n(w) = -4*w + 1. What is n(-2)?
9
Let i(y) = 6*y - 162. Calculate i(26).
-6
Let k(a) = -2*a**2 - 2*a - 42. Calculate k(0).
-42
Let i(w) = 29*w - 6. Give i(3).
81
Let t(p) = -11*p + 179. What is t(14)?
25
Let r(l) = -l**3 - 25. Determine r(0).
-25
Let b(l) = l**2 + l + 4. Calculate b(-6).
34
Let q(t) = -t**3 + 53*t**2 + 110*t + 3. Determine q(55).
3
Let v(x) = 14*x. Calculate v(-1).
-14
Let n(c) = 11*c + 3. Calculate n(-3).
-30
Let n(b) = -b**3 - 4*b**2 - 2*b - 9. Calculate n(-4).
-1
Let g(r) = -18*r**3 - 3*r**2 + 4*r - 2. Calculate g(2).
-150
Let d(t) = 19*t + 345. Determine d(-17).
22
Let x(y) = y**2 + 3*y + 1. Calculate x(-4).
5
Let d(b) = -b**3 - 6*b**2 + 2*b - 5. What is d(-8)?
107
Let w(p) = 3*p**2 + p + 3. Determine w(-1).
5
Let s(w) = -13*w + 3. Give s(1).
-10
Let o(z) = -4*z**3 - 2*z**2 - z - 5. What is o(-2)?
21
Let k(h) = -h**2 + 9*h - 14. What is k(5)?
6
Let l(s) = s**3 + 6*s**2 - s - 4. Determine l(-6).
2
Let s(r) = -r**3 - 17*r**2 + 19*r + 19. Determine s(-18).
1
Let d(b) = -15*b + 80. Calculate d(4).
20
Let s(k) = -2*k. Give s(-4).
8
Let x(r) = r**3 + 5*r**2 - 4*r + 6. Give x(-7).
-64
Let d(o) = -o**3 - 8*o**2 + 2*o + 18. What is d(-8)?
2
Let o(i) = -i**3 - 25*i**2 - 11. Give o(-25).
-11
Let s(h) = -h - 35. Give s(-17).
-18
Let l(u) = -3*u - 12. Determine l(-8).
12
Let r